ime factors of a.
2, 5
Suppose 5*g + t - 3*t = -2, 2*g = 2*t + 4. Let s be (-115)/(-25) + g/(-5). Suppose 2*n - s = 5. List the prime factors of n.
5
Let b = -5 + 9. What are the prime factors of b?
2
Let h(g) = 2*g**2 - 10*g + 7. What are the prime factors of h(6)?
19
What are the prime factors of 1*2 - (-269 + 8 + -4)?
3, 89
Let s(w) = -2*w - 4. Let a be s(-3). List the prime factors of (-123)/(-3) - (a - 1).
2, 5
Let q(u) = -u**3 - 6*u**2 + 2*u + 9. Let k be q(-6). Let j(v) = -2*v**3 - 4*v**2 - v - 3. What are the prime factors of j(k)?
2, 3
Suppose -7*t + 75 = -2*t. Let r = -2 + t. What are the prime factors of r?
13
Suppose 0*s + 3*s + 5*v + 13 = 0, 3*v = 2*s + 15. What are the prime factors of (-23)/(-3) - s/(-9)?
7
Let n(z) be the third derivative of -z**6/120 + z**5/60 + z**3/2 - z**2. Let g be n(0). Suppose 15 - g = 3*d. List the prime factors of d.
2
Let j(h) = 2*h**3 + h**2 + 2*h + 1. Let p be j(-1). What are the prime factors of p + 5 - -7 - -3?
13
Let l = -35 - -54. List the prime factors of l.
19
Suppose 0 = -4*h + 5*v - 1, 2*h + 0*h - 4*v = -2. List the prime factors of ((-22)/8)/(h/(-4)).
11
Suppose -4*x - 64 = -2*g, -2*g - 5*x + 143 - 34 = 0. List the prime factors of g.
2, 3, 7
Let m be -2*(1/2)/(-1). Let z be m/((6/(-3))/4). Let q = z + 15. List the prime factors of q.
13
Suppose 5*b + 2*z - 5 = -3*z, b - 19 = 5*z. Suppose -2*c + b*t = -88, 2*t - 102 = -4*c + 54. What are the prime factors of c?
2, 5
Suppose -2 + 3 = s - a, -25 = -5*a. Let d(n) = 2*n**2 - 6*n - 16. List the prime factors of d(s).
2, 5
List the prime factors of ((-5)/(-3))/(1*(-1)/(-3)).
5
Suppose -q = 5*b - 55, 5*q - 3*b - 471 = -84. What are the prime factors of 1/(-3) + q/9?
2
Let n(y) = 47*y - 15. What are the prime factors of n(3)?
2, 3, 7
Suppose 611 = 5*l - 259. Suppose 11*d = 8*d + l. What are the prime factors of d?
2, 29
Let p(z) = 5*z - 10. Let s be p(9). Suppose 0 = -0*n + n - s. List the prime factors of n.
5, 7
Let d(q) = -q**2 - 10. Let n be d(0). Let w = -2 - n. List the prime factors of w.
2
Suppose 0 = 2*f + 6 + 10. Let g(q) = q + 3 + 3 + 12 + 1. List the prime factors of g(f).
11
Suppose 3*a + 0*a - 12 = 0. Suppose l + 69 = a*l. List the prime factors of l.
23
Suppose 57 = -5*p + 8*p. List the prime factors of p.
19
Suppose 3*z - 5*m + 10 = 109, 3*z - 3*m = 93. Let p = -16 + z. What are the prime factors of p?
2, 3
Suppose -4*f - 43 = 3*y - 127, -2*y + 45 = -f. Suppose -3*s + 7*s = y. Suppose 0 = -3*p + s*p - 39. What are the prime factors of p?
13
Let x = 32 - -48. What are the prime factors of x?
2, 5
Let x = -3 - 1. Let a = 22 + -8. Let d = a + x. What are the prime factors of d?
2, 5
Suppose -a = 4*a. Suppose -m + 0 + 7 = a. What are the prime factors of m?
7
Suppose -2*z + 465 = 5*r, 3*z = 4*r + z - 354. List the prime factors of r.
7, 13
Let i(u) = -27*u - 2. Let l(j) = j**3 + j**2 - 1. Let s be l(-1). What are the prime factors of i(s)?
5
Suppose -5*q - 1 = -u + 2*u, -u - 3*q - 1 = 0. Suppose 3*o = -r + 5*o - 19, 5*r + o + 51 = 0. What are the prime factors of -2 - (0 - u)*r?
3
Let p = 1 - 0. Let k = p + 1. What are the prime factors of 2/4 - (-3)/k?
2
Let t = -37 + -8. Let v = t + 65. Suppose -5*l + l = -v. List the prime factors of l.
5
List the prime factors of 5/(-10)*-6 - -175.
2, 89
Suppose -2*d = -4 - 4. Suppose d + 0 = 2*t. Suppose t*a = 4*b + 40, -40 - 15 = -4*a + 3*b. List the prime factors of a.
2, 5
Let p(l) = 6*l**2 + 2*l + 1. What are the prime factors of p(3)?
61
Suppose 7*g - 782 = 464. What are the prime factors of g?
2, 89
Let x(h) = -5*h + 13. What are the prime factors of x(-4)?
3, 11
Let l be 1 + (-48 - 3/(-3)). List the prime factors of (l/8)/(3/(-12)).
23
Let i = -5 + 14. What are the prime factors of i?
3
Let t be (9/(-5))/(-3)*25. Suppose -6*a + 9*a = 5*v + 19, -t = 3*v. List the prime factors of 14 - (a + 3 + -1).
2, 7
Let o(i) = 2*i**2 - 8*i - 5. Let x be o(8). Suppose -19 = -q - 2*t, 0*q + 5*q + t - x = 0. List the prime factors of q.
11
Let v be ((-1)/2)/((-2)/28). Let k(l) = 2*l - 8. What are the prime factors of k(v)?
2, 3
Let z(y) be the third derivative of -y**6/120 + 13*y**5/60 - 2*y**4/3 + 4*y**3/3 + 4*y**2. Let h be z(12). Let s = -24 - h. List the prime factors of s.
2
Suppose -5*v = -4*t - 63, -2*v + 5*t = -5*v + 23. List the prime factors of v.
11
Let m = -1 + 0. Let x be (1/2)/(m/(-12)). Suppose -x = -5*u + 29. List the prime factors of u.
7
Suppose -2*n = n - 21. What are the prime factors of n?
7
Let k = -15 - -27. Let v be 3/2*16/k. Suppose v*d - 24 = -2*d. List the prime factors of d.
2, 3
Suppose -5*w + 15 + 75 = 0. List the prime factors of w.
2, 3
Let b(x) = -x + 6. Let u be b(4). Suppose 3*y = -u*h + 33, 3*h - 51 = -0*y - 4*y. What are the prime factors of h?
3, 7
Suppose -k = 2*k - 2*y - 531, k = -y + 172. List the prime factors of k.
5, 7
Let q(c) = c**2 + 6*c + 6. Let g be q(-5). Let s be 3/((-6)/(-50))*g. Suppose 5*f = y + 45, 9*y = 4*y - s. List the prime factors of f.
2
Let h = 12 + -12. Let f(w) = w**2 - w + 6. List the prime factors of f(h).
2, 3
Let v = -6 - -9. Suppose t + 3*t - v*n + 4 = 0, -5*t - n + 14 = 0. What are the prime factors of 1*-1 - (-1 - t)?
2
Suppose 1 = 2*l - 1. Suppose -2*a + g = -l, -7 + 2 = 5*g. What are the prime factors of -2 + (-1 + a)*-18?
2
List the prime factors of 5 - (-9)/(-3) - -109*1.
3, 37
Let o be (-413)/(-21) + 1/3. Suppose 0 = -2*u - 2*u + o. What are the prime factors of u?
5
Suppose 2*z = 5 + 7. Suppose -2 + 6 = -c. Let x = z + c. What are the prime factors of x?
2
Suppose -5*v = -2*v + 4*h - 695, -h + 698 = 3*v. What are the prime factors of v?
233
Suppose 5*t - 20 = -5. Suppose t*o - 9 = 3. List the prime factors of o.
2
Suppose 18 = 2*q - 0*q. Suppose -a - 5*w - q = 3*a, -3*a - 6 = 3*w. List the prime factors of 14*(-2)/4*a.
7
Let j be (-1 + 2)*12/(-4). Let v be (-2)/(-10) - j/(-15). Suppose v = -4*x - 3 + 47. List the prime factors of x.
11
Suppose -5*i = -428 + 73. What are the prime factors of i?
71
List the prime factors of 45/30 + 86/4.
23
Suppose 4*b - 28 + 0 = 0. Suppose -5 + b = l. What are the prime factors of l?
2
Suppose -3*u = -149 + 47. What are the prime factors of u?
2, 17
Let l = 7 + -3. Suppose -14 - 34 = -l*u. What are the prime factors of u?
2, 3
Let y(q) = -q**3 - 3*q**2 + 3*q. Let g(v) = -v - 1. Let p be g(3). Let u be y(p). Suppose -u*z = t + 3*t - 24, 2*t + 4 = 0. List the prime factors of z.
2
Suppose -4*s + 6 = -2. Suppose s*u = 7*u + 10. What are the prime factors of (-3)/(-9)*u*-3?
2
Let u(a) = 6*a**2 + 19*a + 1. List the prime factors of u(-6).
103
Suppose 0 = m - 4*u - 70, -2*m - u + 113 = -0*m. What are the prime factors of m?
2, 29
Let u(l) = -2*l**3 - 3*l**2 + 2*l + 19. What are the prime factors of u(-6)?
331
Let l(z) = 2*z**3 + 2*z**2 - 2*z + 2. Let r be l(4). Suppose -28 = 3*x - r. List the prime factors of x.
2, 3, 7
Let c(a) = 2*a - 2. Let u be c(5). Let j = 4 - u. List the prime factors of (1 - 0)*(13 + j).
3
Suppose -3*v = 2*v - 50. Suppose -4*w = 2*y + 8, -2 - v = -5*w + 3*y. Suppose -2*q + 7*q - 25 = w. What are the prime factors of q?
5
Let p(k) = -k**3 + 9*k**2 - k + 9. Let f be p(9). Suppose f*h + h - 3*q - 14 = 0, 2*q + 26 = 4*h. Suppose 0 = -3*y + h*y - 36. List the prime factors of y.
2, 3
Let u(j) = 4*j + 2. Let p be u(-2). Let r = -3 - p. Suppose -r*l - 70 = -8*l. What are the prime factors of l?
2, 7
Let u = -11 + 16. Suppose -u*x + 7 = -53. List the prime factors of x.
2, 3
Let g be (-100)/(-8)*2*1. Suppose -3*t = 5*a - g, -54 = -7*t + 2*t + 4*a. Suppose 0 = -n + 2*n - t. List the prime factors of n.
2, 5
Let x(i) = -i**3 + i**2 + i + 128. What are the prime factors of x(0)?
2
Suppose 2*u - 282 = -4*k, -4*k + 0*u = -4*u - 300. What are the prime factors of k?
2, 3
Suppose 2*v + 8 = 3*v. Suppose c = -0*c + v. What are the prime factors of c?
2
Let s = -23 + 120. What are the prime factors of s?
97
Suppose 2*m - m = 51. What are the prime factors of m/6 + 3/(-6)?
2
Suppose 20 = -3*d + 92. What are the prime factors of d?
2, 3
Let s(k) = k**3 - 4*k**2 + 5. Let q be s(4). Suppose 0 = -5*p - 5, -q*j + 78 = 5*p - 22. List the prime factors of j.
3, 7
Let m(d) = -d + 19. Let r be m(11). Suppose 3*k - 25 = r. What are the prime factors of k?
11
Let f(p) be the first derivative of -p**3/3 + 4